842228?
True
Is 136600695 a multiple of 189?
True
Is 8 a factor of 637218168?
True
Is 11 a factor of 51080337?
True
Is 1148163863 a multiple of 9526?
False
Is 972581220 a multiple of 46?
True
Does 108 divide 4931496?
True
Is 4235774720 a multiple of 9578?
True
Is 43232844 a multiple of 2?
True
Is 1149258 a multiple of 242?
True
Is 757279034 a multiple of 137?
False
Does 55 divide 66446985?
True
Is 30540220 a multiple of 190?
True
Does 75 divide 203449950?
True
Is 107862300 a multiple of 180?
True
Is 11 a factor of 144640483?
False
Does 17 divide 868624?
False
Is 17 a factor of 653358827?
False
Does 184 divide 7915247?
False
Does 2788 divide 25590818?
False
Is 1381505804 a multiple of 5168?
False
Does 16 divide 45336416?
True
Does 27 divide 625630581?
True
Does 2602 divide 3386419736?
True
Is 61435442 a multiple of 15?
False
Does 13 divide 115516856?
True
Is 298 a factor of 50739236?
False
Is 2973 a factor of 1833229098?
True
Is 16 a factor of 4610000144?
True
Is 61455621 a multiple of 664?
False
Does 1305 divide 179766360?
True
Does 154 divide 109001109?
False
Is 6137 a factor of 360517135?
False
Is 47108897 a multiple of 652?
False
Is 497739449 a multiple of 24?
False
Is 818136348 a multiple of 4201?
True
Does 1270 divide 126221490?
True
Is 9 a factor of 74136544?
False
Is 98 a factor of 48772862?
False
Does 5 divide 1302589?
False
Does 3981 divide 424426353?
True
Is 39708004 a multiple of 6381?
False
Is 39 a factor of 1698941517?
True
Is 18 a factor of 16579170?
True
Does 11 divide 1398592382?
True
Does 436 divide 3175716?
False
Is 10845835 a multiple of 455?
True
Is 798 a factor of 43579745?
False
Does 13 divide 17532748?
False
Is 75011386 a multiple of 30?
False
Is 4152 a factor of 789496219?
False
Is 103 a factor of 343666710?
True
Is 2353796 a multiple of 76?
True
Is 4337 a factor of 138764256?
False
Is 133506748 a multiple of 532?
False
Is 303359650 a multiple of 22?
True
Is 27 a factor of 879654338?
False
Is 410 a factor of 30500923?
False
Is 12 a factor of 2181292558?
False
Is 549 a factor of 906148779?
False
Is 15391654 a multiple of 270?
False
Is 458126000 a multiple of 2000?
True
Is 12 a factor of 304152828?
True
Does 13 divide 222922231?
False
Does 7 divide 468538378?
True
Is 2555 a factor of 73696420?
True
Is 20522260 a multiple of 1394?
False
Does 51 divide 912963843?
False
Is 78 a factor of 153556182?
True
Is 43055205 a multiple of 524?
False
Does 23 divide 124879489?
True
Is 15632995 a multiple of 5?
True
Is 3 a factor of 66871879?
False
Is 360 a factor of 439850520?
True
Is 19 a factor of 449625654?
False
Is 40384120 a multiple of 70?
True
Is 74162204 a multiple of 39?
False
Is 23 a factor of 43701932?
True
Is 621505687 a multiple of 91?
False
Is 56 a factor of 2806496?
True
Is 376602800 a multiple of 266?
True
Is 5820148 a multiple of 23?
False
Is 87 a factor of 4583481?
False
Does 137 divide 1253680972?
True
Is 202122413 a multiple of 4?
False
Is 142896000 a multiple of 260?
True
Is 33801564 a multiple of 732?
True
Is 13 a factor of 10191726?
False
Does 53 divide 16183232?
True
Is 35 a factor of 124830421?
False
Does 14 divide 38928750?
True
Is 20873607 a multiple of 34?
False
Does 4536 divide 208996200?
True
Does 8 divide 158029620?
False
Is 138569230 a multiple of 9?
False
Does 129 divide 169815084?
True
Is 87 a factor of 192016261?
False
Is 90571708 a multiple of 252?
False
Is 214203619 a multiple of 2854?
False
Is 73358820 a multiple of 240?
False
Is 3832532632 a multiple of 17?
True
Is 2 a factor of 85535131?
False
Is 9 a factor of 77550129?
True
Does 177 divide 13399481?
False
Is 10 a factor of 26880630?
True
Is 66 a factor of 1349396716?
False
Does 1433 divide 90651580?
True
Does 242 divide 28446132?
True
Does 2975 divide 2372345325?
True
Does 34 divide 2126108366?
True
Is 15 a factor of 157753230?
True
Is 2871166381 a multiple of 373?
True
Is 427812348 a multiple of 40?
False
Is 14 a factor of 248978111?
False
Does 175 divide 52780156?
False
Does 15 divide 3314341815?
True
Does 58 divide 292204498?
False
Is 38608535 a multiple of 119?
False
Is 165219135 a multiple of 123?
True
Is 6893 a factor of 1451162611?
True
Is 74255940 a multiple of 132?
True
Does 1816 divide 23713328?
True
Is 331957268 a multiple of 2812?
False
Does 38 divide 50567418?
False
Is 18065124 a multiple of 133?
True
Is 1145234730 a multiple of 29?
False
Is 77965596 a multiple of 9?
True
Does 782 divide 6036400324?
True
Does 16 divide 2550449833?
False
Does 3031 divide 766541513?
False
Is 7280032 a multiple of 16?
True
Is 442 a factor of 442534365?
False
Does 125 divide 367493375?
True
Does 1114 divide 135089210?
True
Does 39 divide 164111727?
True
Is 170 a factor of 144377376?
False
Is 41675080 a multiple of 259?
False
Is 4 a factor of 93160012?
True
Does 45 divide 78205365?
True
Is 554 a factor of 548938102?
True
Is 4 a factor of 28771644?
True
Does 437 divide 92215740?
True
Does 316 divide 14683268?
False
Does 231 divide 42218022?
True
Is 89348563 a multiple of 45?
False
Is 91240745 a multiple of 639?
False
Does 76 divide 8694186?
False
Is 12 a factor of 122308778?
False
Does 1587 divide 1123362250?
False
Is 14424 a factor of 1506500256?
True
Is 21856180 a multiple of 18?
False
Does 8795 divide 1794766267?
False
Is 2150 a factor of 146709974?
False
Is 207192141 a multiple of 27?
True
Is 134 a factor of 90126122?
True
Is 6166563 a multiple of 213?
True
Is 938219089 a multiple of 12?
False
Is 12909052 a multiple of 261?
False
Does 11 divide 1452308121?
True
Is 294983644 a multiple of 162?
False
Is 615 a factor of 2840239740?
True
Does 29 divide 3887143?
False
Does 379 divide 22938904?
False
Is 717 a factor of 29173339?
False
Is 18724066 a multiple of 311?
True
Is 46467648 a multiple of 54?
True
Is 19538475 a multiple of 225?
False
Is 149878149 a multiple of 93?
True
Is 20650997 a multiple of 608?
False
Is 830171979 a multiple of 196?
False
Is 103314337 a multiple of 581?
False
Is 1298040232 a multiple of 174?
False
Does 4 divide 3762424?
True
Is 4 a factor of 20242103?
False
Is 2272 a factor of 19402880?
True
Is 16336267 a multiple of 16?
False
Does 135 divide 38343317?
False
Is 981026020 a multiple of 5376?
False
Is 1139498218 a multiple of 1312?
False
Does 33 divide 41167701?
False
Does 1371 divide 191028285?
True
Is 1491963006 a multiple of 218?
True
Is 861544676 a multiple of 11?
False
Is 25365899 a multiple of 58?
False
Does 251 divide 10096224?
True
Does 16 divide 84316198?
False
Is 202 a factor of 60188526?
True
Does 16 divide 802096?
True
Is 116614746 a multiple of 27?
False
Does 284 divide 26870933?
False
Is 8 a factor of 88561936?
True
Is 4715 a factor of 335212925?
True
Is 3501856 a multiple of 10?
False
Is 1219 a factor of 655451424?
True
Is 138479178 a multiple of 51?
True
Does 216 divide 29936088?
True
Is 9245148 a multiple of 132?
True
Is 50 a factor of 170732668?
False
Is 329 a factor of 91058646?
True
Does 30 divide 10040640?
True
Does 154 divide 4135516?
True
Is 1918 a factor of 100724555?
False
Is 1034750880 a multiple of 120?
True
Is 229210835 a multiple of 35?
True
Is 2162 a factor of 41417434?
True
Is 182710242 a multiple of 18?
True
Is 7 a factor of 18933973?
False
Is 1034 a factor of 12043173?
False
Is 47165752 a multiple of 19?
True
Is 199811867 a multiple of 53?
False
Is 14858782 a multiple of 215?
False
Is 30 a factor of 70975950?
True
Is 237161970 a multiple of 23?
True
Is 6 a factor of 2793807?
False
Does 590 divide 169743590?
True
Is 178 a factor of 1839814764?
True
Does 2075 divide 113458925?
True
Does 71 divide 783840694?
False
Is 45 a factor of 9999990?
True
Does 58 divide 280837450?
True
Does 1579 divide 40748347?
False
Does 1109 divide 194417681?
True
Is 683 a factor of 19149345?
False
Is 59 a factor of 11834853?
False
Does 279 divide 39934624?
False
Is 5 a factor of 9344185?
True
Is 906 a factor of 81018991?
False
Is 449535854 a multiple of 4?
False
Does 2183 divide 459787826?
True
Is 362534576 a multiple of 152?
False
Does 76 divide 263024144?
True
Does 1846 divide 293008196?
True
Is 169160164 a multiple of 5569?
False
Is 78288142 a multiple of 3245?
False
Does 4 divide 12701972?
True
Does 436 divide 12218464?
True
Does 620 divide 429950165?
False
Is 3225 a factor of 1077876412?
False
Is 54436276 a multiple